2 - 23*w + 60. Let p be j(-25). Calculate the highest common factor of 5 and p.
5
Suppose 2*i = i + 14. What is the greatest common factor of i and 98?
14
Suppose 4*n - 4 = -12, 2*f - 102 = 3*n. Calculate the greatest common factor of 6 and f.
6
Let u = 15 - 4. Calculate the greatest common factor of u and 55.
11
Suppose -2*d = -5*s - 185, 0 = 2*s - s + 3. Let h = 33 + -20. Let a = 21 + h. Calculate the greatest common divisor of d and a.
17
Let h = 8 + -5. Suppose -h*o = 4*c - 11, -5*o + o + 4 = 0. Suppose -142 = c*k - 450. Calculate the greatest common factor of k and 14.
14
Let g = 7 + 1. Let n be 2 + -1 + g/2. Calculate the highest common divisor of 15 and n.
5
Suppose -5*n + 556 = 3*h, -178 = -5*h - n + 734. What is the greatest common divisor of 26 and h?
26
Suppose 5*k = -5 - 0. Let p = 21 + k. Calculate the greatest common factor of 4 and p.
4
Let z be (-33)/(-2)*(-192)/(-36). What is the greatest common factor of z and 11?
11
Let p be (3/6)/((-1)/(-6)). Suppose 5*g + 65 = f, 63 = 2*f - p*g - 88. Calculate the greatest common factor of 16 and f.
16
Let f = 1 - -3. Suppose 0 = f*w - 72. Let r be 1 + (-2)/(4/(-214)). What is the highest common divisor of r and w?
18
Let q = -5 + 25. Suppose -3*g + p = -154, 2*g - 2*p = -g + 158. Calculate the highest common divisor of q and g.
10
Suppose g = -5*q + 8*q - 747, 3*g = 9. What is the highest common divisor of q and 100?
50
Let p be (-98)/8 - 2/(-8). Let y be 3/18 - 358/p. What is the greatest common factor of y and 6?
6
Suppose 4*f + 7 = -29. Let o be f/6*-4 - 2. What is the greatest common factor of 2 and o?
2
Let r be 1 - (1/1 + -48). Calculate the greatest common divisor of 6 and r.
6
Suppose h + 2*b + 2 = 0, 32 = 3*h + 2*h - 4*b. Suppose 11 = h*d - 9. Calculate the highest common divisor of d and 10.
5
Let d = -218 + 308. What is the highest common divisor of 36 and d?
18
Suppose -3*r + 52 + 65 = 5*z, -4*r = 4*z - 92. Suppose -3*o - 36 = -k, 2*o + 108 = 3*k - o. Calculate the greatest common factor of k and z.
12
Let b(s) = 46*s**2 - 1. Let h be b(-1). Calculate the greatest common factor of 45 and h.
45
Let h(q) = q**2 + 7*q + 2. Let n be h(-8). Let a be (-180)/(-3)*1/2. What is the greatest common factor of n and a?
10
Let w be 7/(-35) + (-21)/(-5). Suppose 0 = -w*h + h + 54. What is the greatest common factor of h and 9?
9
Suppose -7 + 3 = -2*z. Let l(a) = -a**2 + 7*a - 6. Let y be l(5). What is the highest common factor of y and z?
2
Suppose -140 = -5*v + 5*z, v - z = 2*z + 28. What is the greatest common divisor of v and 14?
14
Suppose g + 85 = 3*v - 3*g, -4*v - 4*g + 76 = 0. Suppose 2*n = 3*n - 161. What is the highest common divisor of v and n?
23
Let t = -107 + 187. What is the greatest common divisor of t and 10?
10
Suppose -19 = -d + 12. What is the greatest common factor of d and 248?
31
Let w = -25 + 35. What is the highest common divisor of w and 4?
2
Let p be (-1)/(-3) + ((-9120)/9)/(-5). Calculate the greatest common factor of p and 29.
29
Let h(u) = 4*u + 7. Let w be h(8). Calculate the highest common factor of w and 26.
13
Suppose 10 = -3*a + 5*a. Calculate the highest common divisor of a and 2.
1
Let t be (-2)/4 - 54/(-4). Let u(f) = f**3 - 8*f**2 - 5. Let j be u(8). Let q be 13*j*(-6)/10. What is the greatest common divisor of t and q?
13
Suppose 11 = -2*s + 51. What is the highest common factor of 60 and s?
20
Let x = 1 - -4. Suppose -x*q - 2*y + 8 = -11, -4*y = -4*q + 4. Suppose 4*i = -q*u + 10, -3*u - 3*i + 8 = 2*i. Calculate the highest common divisor of u and 54.
6
Suppose 10*w = w + 234. What is the greatest common divisor of w and 13?
13
Suppose -12*q = -9*q - 192. What is the greatest common divisor of 160 and q?
32
Let l be (-6)/9*3 - -4. Suppose -5 = -3*g - l. What is the highest common factor of 10 and g?
1
Let b = -5 + 7. Suppose 26 = 2*z + b*t - 2, -2*z - 5*t = -40. What is the greatest common factor of z and 5?
5
Let d be 12/8*20/15 - -297. Calculate the greatest common factor of d and 13.
13
Let i be (8/6)/((-8)/(-12)). Suppose -2*g + i*p = 3*g - 150, g - 5*p - 30 = 0. Calculate the highest common factor of 6 and g.
6
Suppose -3*t - 93 = -4*v - 0*t, -v + 2*t + 17 = 0. Let i = 75 - v. Let x(k) = -3*k - 2. Let o be x(-6). What is the greatest common divisor of o and i?
16
Let s(n) = 4*n**3 - 27*n**3 + 0*n**2 + n**2 - n. Let q be s(1). Let u = q + 45. What is the greatest common factor of u and 11?
11
Let a(r) be the first derivative of r**3/3 - r**2 - 6*r + 6. Let c be a(4). What is the highest common factor of c and 8?
2
Suppose -3*y + 4*g = -64, -5*y + 5*g = -108 + 8. Suppose -a - 24 = -4*a. Let k = 16 - a. Calculate the highest common divisor of y and k.
8
Let t = -7 - -37. Let j be (0 - -47) + -2 + 0. Calculate the greatest common factor of t and j.
15
Suppose -5*j - 3*x + 266 = 0, x + 154 + 124 = 5*j. Let w = -4 + 15. What is the greatest common factor of w and j?
11
Let u(p) = -6*p + 4. Let y be u(-5). Let l be y/6 - 2/3. Let a be (l/(-4))/(2/(-40)). Calculate the greatest common factor of a and 10.
5
Suppose 104 = s + s. Suppose -4*u + s = v, 16 = -5*v + v. What is the highest common divisor of 84 and u?
14
Let v(d) = -d**2 - 10*d - 9. Let s(l) = 3*l + 2. Let m be s(2). Suppose -3*f = -m*f - 35. Let n be v(f). What is the greatest common factor of n and 8?
4
Let g(z) = 40*z + 3. Suppose 0*r - 4*a + 22 = 2*r, -30 = -3*r - 5*a. Let j be g(r). Let w = j + -131. Calculate the greatest common factor of w and 8.
8
Suppose -4*y + 3*a + 13 = 0, a + 0 = 4*y - 7. Let b be (0 + y)*(90 - -1). Let o = 10 - -3. Calculate the highest common factor of o and b.
13
Suppose 0*l = 2*l - 16. Let x be (-2 - -3) + (97 - 2). Let n be (0 + x)*(-2)/(-3). Calculate the greatest common divisor of l and n.
8
Let o(k) = 3*k + 4. Let p be o(-4). Let r = -1 - p. Calculate the highest common divisor of 7 and r.
7
Let d = 27 - 18. Let m = -7 + d. Calculate the highest common factor of 18 and m.
2
Suppose 115 = 4*v - 141. Suppose 0 = -5*m + 44 - 4. What is the greatest common divisor of m and v?
8
Let h = 6 + 6. Calculate the highest common factor of h and 30.
6
Suppose -3*k = 3*a - 0*a - 45, -4*k + 38 = 2*a. Suppose -d + 0*g = -g - a, 3*d - 39 = -3*g. What is the highest common divisor of 8 and d?
4
Let r(p) = -p**3 - 4*p**2 - 2*p - 1. Let z be r(-5). Let w = z + -13. Suppose 4*c - 4 = 5*k + 3, -5*c = 2*k - 17. What is the highest common factor of w and c?
3
Let h be 0/(-5) - (0 - 3). Suppose 9 = h*b - 0. Let p be (-197 + -7)*(-2)/b. What is the highest common divisor of 17 and p?
17
Suppose 159 = 4*r + 51. Calculate the greatest common factor of 3 and r.
3
Suppose -x + 2 = 0, -302 - 62 = -5*q - 2*x. Let r(o) = o**3 - 5*o**2 + 2*o - 1. Let w be r(5). Calculate the greatest common factor of w and q.
9
Let y = -2 - 12. Suppose -3*p = n - 86, -p + 5*p = -4*n + 112. Let l = p + y. What is the highest common factor of l and 10?
5
Let h(f) = -13*f + 7. Let a be h(-5). Let y be 56/3*a/28. Calculate the greatest common divisor of 6 and y.
6
Let b be (-38)/(-9) + (-6)/27. Suppose -60 = -2*u - 4*h, 134 = b*u - h + 2*h. What is the greatest common factor of 85 and u?
17
Suppose 7*f + 3*k - 582 = 3*f, 5*f - 2*k = 716. What is the greatest common divisor of 18 and f?
18
Let t(u) = u**2 - 9*u + 38. Let k be t(0). What is the greatest common factor of k and 152?
38
Let b(k) = 2*k**3 + 2*k**2 - k. Let r be b(1). Suppose -29 = r*j - 119. Suppose 0*x + j = 3*x. Calculate the greatest common divisor of x and 10.
10
Suppose -6*o - 12 = -2*m - 2*o, 3*o = 0. Suppose -m*l = -l - 10. Let u(c) = c**2 + c + 4. Let b be u(3). Calculate the greatest common divisor of b and l.
2
Let r(s) = s**3 - 4*s**2 + 4*s - 2. Suppose 0 = 7*z - 9*z + 8. Let b be r(z). Calculate the highest common factor of 98 and b.
14
Let z = -7 - -25. Suppose 4*i - 54 = -z. Suppose 3*g - 3*a - 51 = 0, 0 = -0*a - 4*a + 4. Calculate the highest common divisor of i and g.
9
Suppose 3*h - 4*b - 10 = 0, -b = h - 6*b - 18. Let t be (3*2)/(h/(-5)). Let q be (-18)/81 + (-272)/(-9). What is the highest common divisor of t and q?
15
Suppose s = 4*s + 21. Let t = 14 + s. What is the greatest common divisor of 7 and t?
7
Suppose -5*r + 3*q = -2*q - 30, -4*r - 4*q + 8 = 0. What is the highest common divisor of 20 and r?
4
Suppose 5*s - 637 = -197